 by 6?
4
Suppose -48*w + 17311 = 1855. What is the remainder when w is divided by 12?
10
Let z = 76 - 123. Calculate the remainder when (z/2)/((-9)/18) is divided by 25.
22
Suppose 4*a + 71 = s, -2*s - 2*s + 4*a + 320 = 0. Suppose -9*b + 52 = -s. Calculate the remainder when 58 is divided by b.
13
Suppose 2*i - 1008 = -40*i. What is the remainder when 180 is divided by i?
12
Suppose 27 = -20*q + 187. Let x(p) = -2*p**3 - 2*p**2 + p - 2. What is the remainder when x(-3) is divided by q?
7
Let n(s) = -s**3 + 6*s**2 - 3*s + 4. Suppose 2*y + c = 72, 64 = 2*y + c - 2*c. What is the remainder when y is divided by n(4)?
10
Let o = -11 + 16. Suppose 132 = o*y - 138. Calculate the remainder when y is divided by 19.
16
Let b(c) = c**3 + 5*c**2 + 3*c - 1. Let w = -1 - -1. Suppose x + 0*x + 3 = w. Calculate the remainder when 23 is divided by b(x).
7
Suppose 0*o - 5*o + 10 = 5*y, 5*o = -5. Calculate the remainder when 62 is divided by y.
2
Let j be (-16)/(-10)*45/18. Suppose -4*a = -2*h + 86, 36 = -2*a + 4*h - j. Let k = 1 - a. Calculate the remainder when k is divided by 13.
10
Let w(g) = g**3 - 9*g**2 + 4*g - 19. Let s be w(9). Suppose -4*h - s = -3*u + 64, 3*u = h + 90. What is the remainder when u is divided by 8?
7
Let a be (-22)/(-4)*(-8)/(-4). Let s = a + -53. What is the remainder when 28 is divided by (-4)/(-14) + (-324)/s?
4
Let z(h) be the second derivative of -h**5/20 - h**4/6 - h**3/6 + h**2/2 - h. Suppose 0*s = -5*s + 255. Calculate the remainder when s is divided by z(-3).
12
Let m = 384 - 319. What is the remainder when m is divided by 34?
31
Suppose 7 - 3 = -4*o + 3*x, 0 = 2*x - 8. What is the remainder when 15 is divided by o?
1
Suppose 4*n = 3*v - 5090, 134*n - 137*n + 12 = 0. Calculate the remainder when v is divided by 13.
12
Let w be (-2 - (6 - 1))*(-36)/14. Suppose -12*a - 324 = -w*a. What is the remainder when a is divided by 11?
10
Let k(o) = -212*o + 24. Calculate the remainder when k(-2) is divided by 75.
73
Suppose -5*x + 315 = -3*j + 39, 3*x - 156 = -3*j. What is the remainder when x is divided by 16?
6
Suppose 0 = -2*d + 9 - 5. Suppose -d*l + 4*s = -6*l + 196, 3*s + 41 = l. What is the remainder when l is divided by 12?
11
Let i(j) = j**3 - 14*j**2 + 40*j + 22. Calculate the remainder when i(10) is divided by 15.
7
Suppose 3*q + 4*i = 144, -3*q - i + 144 = 4*i. Calculate the remainder when q is divided by 25.
23
Suppose -4*d = 0, 2*a + 2*d - 6 = 8. Let w(t) = -a + 4 + 28*t - 30*t. What is the remainder when w(-8) is divided by 7?
6
Let q be (-2 + 2)*(-3)/6. Let d(o) = 7*o + 1. What is the remainder when d(1) is divided by 3/(-1 + 2 + q)?
2
Suppose 2*p + 2*o = 26 + 50, 109 = 3*p + 2*o. Calculate the remainder when 357 is divided by p.
27
Let l(y) = 15*y + 1. Calculate the remainder when l(3) is divided by (-140)/(-12) - ((-32)/(-12) + -3).
10
Suppose -3*f = -t - 0*t - 745, 243 = f + t. Calculate the remainder when f is divided by 50.
47
Suppose a - 72 = 3*g, 0*g - 4*g = 0. Let k be 82*((-5)/2)/(-5). Let y = a - k. Calculate the remainder when 61 is divided by y.
30
Suppose z = -4*z + 75. Suppose -2*m - 3*m + z = 0. Suppose 34*b = -15*b + 490. Calculate the remainder when b is divided by m.
1
Let o(n) = -2*n**2 + 77*n + 161. What is the remainder when 51 is divided by o(40)?
10
Suppose -2*a - 3*b + 7 = -0*b, -5*a = -5*b - 80. Let i = -76 + 80. Suppose i = -d, -3*j + 11 = -2*j + 5*d. Calculate the remainder when j is divided by a.
9
Let c(k) = 161*k - 27. Let y be c(-5). What is the remainder when y/(-26) - 2*3/2 is divided by 10?
9
Let s = -29 + 58. Calculate the remainder when 3*7 + (-87)/s is divided by 10.
8
Let h be 1/(-3) + (-58)/6. Let p be (-1)/(10/4)*-10. Calculate the remainder when 22 is divided by (-116)/h - p/(-10).
10
Suppose 2 = 2*l - 12. Suppose 4*a + 84 = 4*k, -6*a = -2*k - l*a + 45. What is the remainder when k is divided by 6?
4
Let q(j) = -j**2 - 6*j + 7. Let l be 1*(2 + -1)*(4 - 5). Let c = l - -19. What is the remainder when c is divided by q(-6)?
4
Let z(y) = -9*y**3 - 2*y**2 - y. Let l be z(-1). Suppose 0 = -4*d + l*d - 64. Suppose d = f - 14. Calculate the remainder when 57 is divided by f.
27
Suppose 0 = -4*s - z + 67, -12*s + 9*s = z - 50. Calculate the remainder when 41 is divided by s.
7
Suppose -h - 908 = -2*y, y = 6*y - 2*h - 2271. Calculate the remainder when y is divided by 19.
18
Suppose -w + 2 = x - 0, 4*x - 43 = 3*w. Suppose -g = 2*g + 237. Let m = -52 - g. Calculate the remainder when m is divided by x.
6
What is the remainder when 354 is divided by (-43)/1*(110 + -111)?
10
Let b = 40 - 13. What is the remainder when b is divided by 6 + -3 - -9 - -2?
13
Let n = -77 + 53. Let v = n - -47. Calculate the remainder when 68 is divided by v.
22
Let q be 2/(-3) + 924/36. Suppose -2*u = -5*v + 5 - q, 7 = 3*u + 4*v. Suppose 441 = u*i - 0*g + g, 2*g = -8. What is the remainder when i is divided by 30?
29
Calculate the remainder when (0 + 8/4)*(131 - 2) is divided by 52.
50
Let i = -19 + 82. Suppose -32 = -8*d + 8. Suppose -2*t - i = -d*t. Calculate the remainder when t is divided by 11.
10
Suppose -2 + 2 = q. Suppose w + 63 = d - q*d, 4*d = -5*w + 288. Let o = 11 + 3. What is the remainder when d is divided by o?
11
Let c be (-29 - (-4)/2) + 0. Let j be 6/(-27) + 156/c. Let r(k) = -k - 2. What is the remainder when 5 is divided by r(j)?
1
Suppose 3*q = -0*q + 6, 2*r - 5*q = 40. Let y(w) = 7*w - 14. Suppose -11*h + 56 = 3*h. Calculate the remainder when r is divided by y(h).
11
Let g be (-477)/36 - (-6)/(-8). Let o = 13 + g. Let h(m) = -12*m**3 - 1. What is the remainder when 20 is divided by h(o)?
9
Suppose 0 = 3*t + 26 + 10. Let i = 20 + t. Suppose 31*w - 32*w = -15. Calculate the remainder when w is divided by i.
7
Suppose -x + 4*t = 9, 0 = x + 4*t + t - 27. What is the remainder when 73 + 6 - (x - 3) is divided by (-4)/(-10) + (-93)/(-5)?
18
Let y = -5 - -54. Suppose -2 = 4*l - 206. Suppose l = 7*s - 4*s. Calculate the remainder when y is divided by s.
15
Let h = -1396 - -1441. What is the remainder when 167 is divided by h?
32
Suppose -567 = m - 10*m. Let s = m + -43. Calculate the remainder when 54 is divided by s.
14
Let x(c) = -c**2 - 17*c + 453. Calculate the remainder when x(-30) is divided by 36.
27
Suppose 4*g - 5 = -d, 0 = 2*d + g - 3*g - 10. Suppose -3*p = -0*p - 66. What is the remainder when p is divided by 3/(1 + d) + (-46)/(-4)?
10
Let q(a) = -a**2 + a + 76. What is the remainder when 24 is divided by q(-8)?
0
Suppose 2*n - 11 = -3*y + 78, 6*n + 30 = 0. Calculate the remainder when 95 is divided by y.
29
Let n(o) = -56*o + 21. Calculate the remainder when n(-3) is divided by 38.
37
Let x = -446 + 308. Suppose 5*z = -0*z - 10. What is the remainder when x/(-4) + (-1)/z is divided by 12?
11
Let c = -211 - -233. Calculate the remainder when 65 is divided by c.
21
Let w(q) = -q**3 - 4*q**2 - 6*q - 42. What is the remainder when w(-6) is divided by 10?
6
What is the remainder when 62 is divided by (20 - (3 - 4)) + (10 - 9)?
18
Suppose 3*v - 3*s - 2*s - 17 = 0, 2*s = 4*v - 18. Suppose -2*l = -l - p - 31, -v*p = 5*l - 155. What is the remainder when l is divided by 16?
15
Suppose 7*m - 5*m = 350. Suppose 5*f - 604 = -0*i - 4*i, -2*f = 5*i - 228. Let x = m - f. What is the remainder when x is divided by 13?
12
Let l = -832 + 952. Calculate the remainder when l is divided by 31.
27
Let x = 28 - 22. Suppose g = -2*g + x. Calculate the remainder when 6 is divided by g.
0
Suppose -3546 = -3*k + 3*o - 1011, 1675 = 2*k + 3*o. What is the remainder when k is divided by 65?
62
Let o = 18 - 9. Let a = -16 - -21. Suppose -4*z + 2*w + 18 = 0, -a*z - 5*w = -0*z - 45. What is the remainder when o is divided by z?
3
Suppose -10*a = -422 + 152. Calculate the remainder when 482 is divided by a.
23
Let x(g) = g**3 + g**2 + g + 11. Let m be x(0). Let l = m + -5. What is the remainder when -1 + 26 + (-64)/8 is divided by l?
5
Let n(z) = -65*z**3 + 2*z**2 - z - 2. Let o = -17 + 75. Let w = -35 + o. What is the remainder when n(-1) is divided by w?
20
Let f = 1202 - 1191. Calculate the remainder when 46 is divided by f.
2
Let b(h) = 4*h - 23. Let s(a) = a**2 - a + 16. Let c be s(0). Calculate the remainder when b(c) is divided by 2*21/6*2.
13
Let v(c) = 13*c + 173. Calculate the remainder when 107 is divided 